is the ten thousands digit of 754642?
5
What is the ten thousands digit of 11030750?
3
What is the hundred thousands digit of 565077?
5
What is the thousands digit of 32789581?
9
What is the ten thousands digit of 4693826?
9
What is the tens digit of 417075?
7
What is the ten thousands digit of 162743?
6
What is the hundreds digit of 3471336?
3
What is the tens digit of 216037?
3
What is the units digit of 911133?
3
What is the tens digit of 252589?
8
What is the hundreds digit of 131321?
3
What is the units digit of 2827304?
4
What is the thousands digit of 127857?
7
What is the ten thousands digit of 209101?
0
What is the hundred thousands digit of 554291?
5
What is the units digit of 2851274?
4
What is the hundreds digit of 1422710?
7
What is the millions digit of 1584115?
1
What is the millions digit of 4242839?
4
What is the hundreds digit of 267160?
1
What is the thousands digit of 751151?
1
What is the ten thousands digit of 393580?
9
What is the hundred thousands digit of 1799321?
7
What is the tens digit of 3420643?
4
What is the hundred thousands digit of 12668153?
6
What is the tens digit of 3930138?
3
What is the thousands digit of 184218?
4
What is the tens digit of 550046?
4
What is the units digit of 5329854?
4
What is the ten thousands digit of 1146555?
4
What is the ten thousands digit of 2361501?
6
What is the hundreds digit of 200083?
0
What is the units digit of 160332?
2
What is the ten millions digit of 11309463?
1
What is the tens digit of 511999?
9
What is the hundred thousands digit of 344907?
3
What is the hundreds digit of 4901435?
4
What is the units digit of 20256428?
8
What is the units digit of 127822?
2
What is the hundreds digit of 556723?
7
What is the thousands digit of 378013?
8
What is the units digit of 31843570?
0
What is the units digit of 5951534?
4
What is the hundreds digit of 58513?
5
What is the hundreds digit of 5878372?
3
What is the thousands digit of 83742?
3
What is the hundreds digit of 253004?
0
What is the millions digit of 2754210?
2
What is the thousands digit of 749833?
9
What is the tens digit of 5778439?
3
What is the hundred thousands digit of 17528511?
5
What is the tens digit of 5325340?
4
What is the hundred thousands digit of 6006380?
0
What is the thousands digit of 5690635?
0
What is the ten thousands digit of 2688343?
8
What is the thousands digit of 2427?
2
What is the ten thousands digit of 96928?
9
What is the thousands digit of 64093?
4
What is the thousands digit of 1229888?
9
What is the ten thousands digit of 3571762?
7
What is the units digit of 58237?
7
What is the hundreds digit of 8544?
5
What is the thousands digit of 1024358?
4
What is the hundreds digit of 3323714?
7
What is the units digit of 1288068?
8
What is the ten thousands digit of 5973899?
7
What is the hundred thousands digit of 4344769?
3
What is the ten thousands digit of 5270777?
7
What is the millions digit of 4426399?
4
What is the tens digit of 659928?
2
What is the tens digit of 891958?
5
What is the units digit of 797548?
8
What is the tens digit of 18588997?
9
What is the units digit of 231919?
9
What is the units digit of 639314?
4
What is the tens digit of 185165?
6
What is the hundred thousands digit of 538304?
5
What is the hundreds digit of 404606?
6
What is the hundreds digit of 3778758?
7
What is the ten thousands digit of 192282?
9
What is the units digit of 1393905?
5
What is the ten millions digit of 12861907?
1
What is the ten thousands digit of 2577323?
7
What is the hundreds digit of 537?
5
What is the hundred thousands digit of 313423?
3
What is the thousands digit of 14534329?
4
What is the tens digit of 9409238?
3
What is the ten thousands digit of 3626240?
2
What is the units digit of 1287824?
4
What is the units digit of 9026166?
6
What is the tens digit of 883052?
5
What is the thousands digit of 30462?
0
What is the ten thousands digit of 132131?
3
What is the hundred thousands digit of 1064043?
0
What is the ten thousands digit of 548368?
4
What is the hundreds digit of 12360282?
2
What is the tens digit of 257442?
4
What is the tens digit of 2536599?
9
What is the units digit of 1208905?
5
What is the ten thousands digit of 648797?
4
What is the thousands digit of 9622612?
2
What is the hundred thousands digit of 820443?
8
What is the thousands digit of 3486780?
6
What is the thousands digit of 1238181?
8
What is the hundreds digit of 301657?
6
What is the ten thousands digit of 1433839?
3
What is the hundred thousands digit of 3659711?
6
What is the units digit of 271?
1
What is the thousands digit of 3970827?
0
What is the ten thousands digit of 183189?
8
What is the tens digit of 1417962?
6
What is the hundreds digit of 7385307?
3
What is the ten thousands digit of 2419478?
1
What is the units digit of 324895?
5
What is the thousands digit of 644879?
4
What is the ten thousands digit of 86276?
8
What is the ten thousands digit of 388625?
8
What is the tens digit of 1465375?
7
What is the thousands digit of 5936261?
6
What is the hundred thousands digit of 6438472?
4
What is the tens digit of 9659026?
2
What is the hundreds digit of 29697701?
7
What is the hundred thousands digit of 6875964?
8
What is the hundreds digit of 9718083?
0
What is the hundreds digit of 1419381?
3
What is the tens digit of 19393379?
7
What is the thousands digit of 6517947?
7
What is the thousands digit of 161307?
1
What is the millions digit of 1021436?
1
What is the thousands digit of 2840137?
0
What is the tens digit of 2476425?
2
What is the ten thousands digit of 2837115?
3
What is the tens digit of 2074017?
1
What is the thousands digit of 2210266?
0
What is the tens digit of 2553295?
9
What is the tens digit of 192109?
0
What is the hundreds digit of 8972008?
0
What is the units digit of 172494?
4
What is the hundred thousands digit of 607589?
6
What is the hundred thousands digit of 4181026?
1
What is the ten thousands digit of 238693?
3
What is the millions digit of 3191306?
3
What is the thousands digit of 54473?
4
What is the tens digit of 5400639?
3
What is the hundred thousands digit of 6252952?
2
What is the millions digit of 13142873?
3
What is the hundred thousands digit of 523551?
5
What is the units digit of 58762?
2
What is the thousands digit of 4165570?
5
What is the tens digit of 26935055?
5
What is the ten thousands digit of 1175443?
7
What is the tens digit of 19377539?
3
What is the ten thousands digit of 2415377?
1
What is the thousands digit of 140583?
0
What is the tens digit of 358055?
5
What is the thousands digit of 30673?
0
What is the tens digit of 157925?
2
What is the hundred thousands digit of 564809?
5
What is the tens digit of 776730?
3
What is the hundred thousands digit of 4227308?
2
What is the hundreds digit of 684730?
7
What is the units digit of 2756012?
2
What is the hundred thousands digit of 871339?
8
What is the hundred thousands digit of 453157?
4
What is the units digit of 183195?
5
What is the millions digit of 15374091?
5
What is the units digit of 844811?
1
What is the hundred thousands digit of 2674979?
6
What is the hundreds digit of 344696?
6
What is the ten thousands digit of 565831?
6
What is the hundred thousands digit of 1966774?
9
What is the tens digit of 269072?
7
What is the hundred thousands digit of 444073?
4
What is the tens digit of 817363?
6
What is the tens digit of 698018?
1
What is the millions digit of 1323228?
1
What is the tens digit of 1807636?
3
What is the hundred thousands digit of 3601785?
6
What is the ten thousands digit of 2689824?
8
What is the hundreds digit of 69690?
6
What is the thousands digit of 2835539?
5
What is the hundred thousands digit of 6443541?
4
What is the units digit of 26622?
2
What is the hundred thousands digit of 5677887?
6
What is the hundreds digit of 119688?
6
What is the hundred thousands digit of 370273?
3
What is the ten thousands digit of 5544752?
4
What is the thousands digit of 362566?
2
What is the millions digit of 4263198?
4
What is the tens digit of 5506?
0
What is the tens digit of 752396?
9
What is the units digit of 597036?
6
What is the units digit of 25927863?
3
What is the tens digit of 220774?
7
What is the units digit of 9905300?
0
What is the units digit of 128719?
9